{"id":215,"date":"2017-03-02T20:51:02","date_gmt":"2017-03-02T20:51:02","guid":{"rendered":"http:\/\/noquiz.se\/?page_id=215"},"modified":"2017-03-02T20:51:11","modified_gmt":"2017-03-02T20:51:11","slug":"vatten","status":"publish","type":"page","link":"https:\/\/noquiz.se\/?page_id=215","title":{"rendered":"Vatten"},"content":{"rendered":"<p><a href=\"http:\/\/group.chem.iastate.edu\/Greenbowe\/sections\/projectfolder\/flashfiles\/thermochem\/solutionSalt.html\" target=\"_blank\">Vatten l\u00f6ser salt<\/a> En bra sida som visar vad som h\u00e4nder n\u00e4r vatten l\u00f6ser upp ett \u00e4mne, tex Salt (NaCl)<\/p>\n","protected":false},"excerpt":{"rendered":"<p>Vatten l\u00f6ser salt En bra sida som visar vad som h\u00e4nder n\u00e4r vatten l\u00f6ser upp ett \u00e4mne, tex Salt (NaCl)<\/p>\n","protected":false},"author":1,"featured_media":0,"parent":0,"menu_order":0,"comment_status":"closed","ping_status":"closed","template":"","meta":[],"_links":{"self":[{"href":"https:\/\/noquiz.se\/index.php?rest_route=\/wp\/v2\/pages\/215"}],"collection":[{"href":"https:\/\/noquiz.se\/index.php?rest_route=\/wp\/v2\/pages"}],"about":[{"href":"https:\/\/noquiz.se\/index.php?rest_route=\/wp\/v2\/types\/page"}],"author":[{"embeddable":true,"href":"https:\/\/noquiz.se\/index.php?rest_route=\/wp\/v2\/users\/1"}],"replies":[{"embeddable":true,"href":"https:\/\/noquiz.se\/index.php?rest_route=%2Fwp%2Fv2%2Fcomments&post=215"}],"version-history":[{"count":1,"href":"https:\/\/noquiz.se\/index.php?rest_route=\/wp\/v2\/pages\/215\/revisions"}],"predecessor-version":[{"id":216,"href":"https:\/\/noquiz.se\/index.php?rest_route=\/wp\/v2\/pages\/215\/revisions\/216"}],"wp:attachment":[{"href":"https:\/\/noquiz.se\/index.php?rest_route=%2Fwp%2Fv2%2Fmedia&parent=215"}],"curies":[{"name":"wp","href":"https:\/\/api.w.org\/{rel}","templated":true}]}}